**4/12 - 6*s. Let q(m) = m**2 - m + 2. Let d be q(2). Suppose 2*p + 3*n - 13 = 0, -p = d*n - 5 - 14. Determine c(p).
1
Let s be 5 - -1*(-2 - -1). Let u(n) = 7*n + n**2 + 4 + s*n - 3*n. Determine u(-5).
-11
Let y(z) = z**3 - 6*z + 2*z**2 + 2*z**2 - 3*z**3 + 3*z**3. Let x be y(-5). Let b(c) = -c**2 + 6*c - 2. Give b(x).
3
Let a = -24 + 21. Let d(i) = 3*i. Calculate d(a).
-9
Let r(w) = 2*w**2 + 5*w - 3. Let a(p) = -5*p**2 - 14*p + 9. Let s(l) = -3*a(l) - 8*r(l). Determine s(3).
-6
Let q(x) = -x + 2. Let v(m) = 3*m. Let i be v(-14). Let g be -9*(-7)/(i/4). Calculate q(g).
8
Let l(d) = -5*d**2 + 20*d - 1. Let j(v) = -3*v**2 + 11*v - 1. Let r(m) = -7*j(m) + 4*l(m). What is r(-2)?
1
Let d(k) be the second derivative of -k**5/20 + k**4/2 + k**3/3 - k**2/2 + 6*k. Calculate d(6).
11
Let k(l) = 7*l - 1. Let p(b) = -8*b + 2. Let f(r) = -6*k(r) - 5*p(r). Give f(-6).
8
Let l be (-2)/7 + (-162)/21. Let s(y) = -y**3 - 9*y**2 - 8*y + 3. Calculate s(l).
3
Let u be (-2)/4*(-7 + 5). Let o(n) = n**3. What is o(u)?
1
Let x(f) be the first derivative of 0*f**2 + 3 - f + 5/3*f**3. Give x(-1).
4
Let k(n) be the second derivative of -n**3/6 + 4*n**2 - 11*n. Let q = 1 - 1. What is k(q)?
8
Let r(x) = x**2 + 5*x. Suppose 4*a + 53 = 3*i + 19, 16 = 4*i + 2*a. Let f be 16/20*(1 - i). Give r(f).
-4
Let u(x) = 44*x**3 + 2*x - 1 + 0*x**2 + 3*x**2 - 45*x**3. Suppose 0 = -0*w + 5*w. Let s = 3 + w. Give u(s).
5
Suppose n = -3*k + 3*n + 32, 8 = -k - 4*n. Let o be (12/k)/(2/(-8)). Let f(p) = -p**3 - 5*p**2 + 7*p + 6. What is f(o)?
0
Let f(o) = -5*o + 1. Suppose -7*t + 6*t = 1. Calculate f(t).
6
Let s(r) be the first derivative of r**3 - 4 - 2*r**2 - 6*r + 1/4*r**4. Determine s(-4).
-6
Let o(m) be the third derivative of m**6/120 - m**5/12 + m**4/8 + m**3/2 - 11*m**2. What is o(3)?
-6
Let g(x) = 4*x. Let w = 7 + -11. Let j = 3 + w. Calculate g(j).
-4
Let j(o) = -6*o - 1. Let x(r) = r**2 - r. Let m(y) = -y**3 + 7*y**2 + 8*y + 1. Let i be m(8). Let s(c) = i*j(c) + x(c). Determine s(6).
-7
Suppose -4*z = -0*z + 28. Let c = z + 9. Let q(g) = -g**3 + 3*g**2 - 2*g + 3. Determine q(c).
3
Suppose -4*z = v - 2, -v + 4*z + 8 + 2 = 0. Let h(y) = -y + 1. Determine h(v).
-5
Let v(w) = -w**2 - w - 1. Let q(k) = -6*k + 2. Let s(a) = -q(a) + v(a). Suppose -b + 2*b - 3 = 0. Suppose -12 + b = -3*j. What is s(j)?
3
Let i(p) = 5*p - 1. Let k be 48/27 - (-4)/18. Let l be k/2 - (1 - 1). Determine i(l).
4
Suppose x + 3*x - 36 = 0. Let z(s) = 6 - 2 + 2*s - x + 0. Determine z(4).
3
Let q(h) = -25*h + 9*h + 14*h - 3. Suppose -2 = 2*a + 2*i, 8 = a + 2*i + 2*i. Give q(a).
5
Let r(q) = -7*q - 1. Let i = -27 - -26. What is r(i)?
6
Let w(z) = z**2 - 6*z - 3. Let m = 38 + -23. Suppose m = 4*g - 5. Determine w(g).
-8
Let b(p) = 6*p**3 + p**2 + 8*p - 5. Let c(x) = 5*x**3 + x**2 + 7*x - 4. Let v(l) = 4*b(l) - 5*c(l). Calculate v(-3).
27
Let z be (-4)/(-7) + (4 - 25/7). Let y(f) = -3*f - 1. What is y(z)?
-4
Let l = 3 + -7. Let s(c) = -3*c + 10. Let g(i) be the third derivative of i**4/12 - 3*i**3/2 + i**2. Let a(q) = -4*g(q) - 3*s(q). Calculate a(l).
2
Suppose 0 = -3*q - 4*s - 4, 4*q + s + 52 = 5*s. Let c(p) = p + 8. Give c(q).
0
Let t(s) be the third derivative of -s**6/120 - 7*s**5/60 - s**4/12 - 3*s**3/2 + 19*s**2. Calculate t(-7).
5
Let z(s) = -7*s - 2. Let n(r) = 6*r + 3. Let i(k) = -4*n(k) - 3*z(k). Give i(-4).
6
Let g(p) be the third derivative of -p**4/12 - 7*p**3/6 - 8*p**2. Determine g(-6).
5
Let t(d) = -7*d + 5*d**2 + 1 + 0 + d**2 + 3*d. Let c(l) = -5*l**2 + 3*l - 1. Let v(z) = -5*c(z) - 4*t(z). Calculate v(-1).
1
Let h(q) = -q - 3. Let t be h(-6). Let c(r) be the first derivative of -r**4/4 + 2*r**3/3 + r**2/2 + 3*r + 17. What is c(t)?
-3
Let c(f) be the first derivative of f**2 - 2*f + 2. What is c(4)?
6
Suppose 14*t + 26 = t. Let c(j) = j + 1. Let h(o) be the second derivative of o**4/12 - o**3/2 - 3*o**2 - o. Let y(b) = t*c(b) - h(b). Determine y(-3).
-8
Suppose -3*i - 8 = j - 3, 4*j = -4*i - 20. Let w(u) = -19*u + 33*u - 17*u. Determine w(j).
15
Let p(t) = -8*t - 9. Let d(z) = -7*z - 8. Let c(v) = 6*d(v) - 5*p(v). Let s = -1 + -1. Give c(s).
1
Let r be (-2 - -3)*(-5)/(-1). Let w(x) = 4*x + 9. Let o(h) = 3*h + 9. Let g(y) = 5*o(y) - 4*w(y). Calculate g(r).
4
Let x(z) = -z**2 - 6*z - 1. Let r(i) = i**2 + 8*i + 4. Let k be r(-7). Calculate x(k).
8
Let u(r) = 5*r - 1. Let i(d) = 6*d. Let w(j) = 6*i(j) - 7*u(j). Suppose 5*z + 29 = 2*b, 3*z + 2*b + 0 = -11. Determine w(z).
2
Let v(j) = j**3 + 2*j**2 - 2*j + 2. Suppose -n - 10 = 5*z, n + 4 = -2*z + 3. Determine v(z).
-1
Suppose -2*b = -6 - 4. Let a(r) = -r**3 + 6*r**2 - 6*r + 7. What is a(b)?
2
Let b(a) = -3*a**2 + 7*a - 23. Let w(k) = 2*k**2 - 3*k + 13. Let l(c) = 3*b(c) + 5*w(c). Suppose -2*d + 4*h + h - 27 = 0, -5*h = 4*d + 9. What is l(d)?
-4
Let k(d) = -d + 2. Suppose 5*z - 5*w = -20, 2*z - 4 + 0 = -w. Calculate k(z).
2
Let t be 12*(-1 - -2)*1. Let l be (-9)/t - 26/8. Let k(m) = m**3 + 5*m**2 + 5*m - 2. Determine k(l).
-6
Let g(s) = s**3 - 3*s**2 - 2*s. Let f be (0/3 + -2)/2. Let q(u) be the third derivative of u**5/20 - u**4/24 - 2*u**2. Let c be q(f). Calculate g(c).
8
Suppose 6*h = 2*n + 3*h + 6, -23 = -5*n - 2*h. Let d(i) = 0*i**2 + n + 3*i**2 - 5 + i + i. Suppose 0 = -2*j - 4 - 0. Calculate d(j).
6
Let t(i) = -18*i + 39*i + 14 - 22*i. Let y be t(14). Let o(p) = -p - 4. What is o(y)?
-4
Let u(m) = 15*m + 2. Let p(t) = 7*t + 1. Let l(g) = -13*p(g) + 6*u(g). What is l(1)?
-2
Suppose 0 = -4*k - 11 - 9. Suppose -4*f - 4 = 2*n + 4, -5*n - 5*f = 5. Let v(a) = n - 5 - 7 - a. Give v(k).
-5
Let l(i) = -i**3 - i**2 - 2. Suppose 0*f = 5*f - 10. Suppose -7*d + y + 4 = -f*d, -d = y + 4. Determine l(d).
-2
Let l = 337 - 334. Let x(c) = 0*c + 4*c**2 - 2*c - 3*c**2. What is x(l)?
3
Let s(p) be the second derivative of p**3/2 - 9*p. Suppose -4*n - 1 - 7 = 0. Determine s(n).
-6
Suppose 3*j + 5*d = 60, -5*j - 5*d + 8 + 82 = 0. Suppose -4*p - 33 = 4*s - 9, 0 = 5*s + j. Let u(w) = 3*w + 2. What is u(p)?
-7
Let w(g) be the second derivative of g**5/20 + 3*g**4/4 + 3*g**3/2 + 2*g**2 - 17*g. Give w(-8).
-4
Let k(v) be the third derivative of -v**6/120 + v**5/15 + v**3/6 - 13*v**2. Give k(4).
1
Let v = -10 + 7. Let z(w) = -w - 4. Let c be z(v). Let i(o) = -7*o**3 - o. Determine i(c).
8
Let x(r) be the third derivative of -r**4/6 + r**3 + 22*r**2. Determine x(7).
-22
Let z(r) = 3*r**3 - r**2 - r + 1. Let w be z(1). Let k(n) = n**w - n**2 - n**3 - 4*n**2 - 8*n + 7*n. Give k(-2).
-6
Let r(x) = x + 2. Let l be r(0). Let v(p) be the first derivative of 1/2*p**l - 3 + p. What is v(4)?
5
Suppose -6 = -2*p - 0. Suppose o - v = p, -2*v - v - 8 = -2*o. Let g(y) = 5*y - 2*y - 5*y. Determine g(o).
-2
Let s(o) = o**2 + 5*o - 3. Let i be s(-6). Let h(d) = -37*d**i + 17*d**3 + 19*d**3 + 1 + 5*d**2 + d. Determine h(5).
6
Suppose w = v, -5*w - 3*v - v = 36. Let p(b) = 4*b**2 - 19*b - 14. Let u(z) = 2*z**2 - 10*z - 7. Let x(g) = w*p(g) + 7*u(g). What is x(5)?
-13
Let t(o) be the first derivative of o**2 + 0*o - 1/60*o**5 + 1/24*o**4 + 1/3*o**3 - 1. Let q(m) be the second derivative of t(m). Calculate q(2).
0
Let q = 19 - 13. Let x(i) = -i**2 - 9*i + 2. Let o(k) = -2*k**2 - 1. Let a(l) = o(l) - x(l). Give a(q).
15
Let i(q) = q**2 + 4*q + 6. Let z = -4 - -2. Let u = 1 + z. Let s = -5 - u. Give i(s).
6
Let j(c) = 5*c - 1. Let y be 9/6*(-16)/(-6). Let k be 2/(-4) - 2/y. Give j(k).
-6
Let o(j) = -6*j**2 - 8*j + 12 + 7*j**2 - 3. Determine o(6).
-3
Let k(s) be the second derivative of s**7/840 - s**6/120 - s**3/3 + 4*s. Let t(n) be the second derivative of k(n). Let u = 9 + -6. Determine t(u).
0
Let d(t) be the third derivative of t**6/120 + t**5/20 - t**4/6 + t**3/2 + t**2. Let c = -33 - -63. Let i be ((-12)/15)/(6/c). Give d(i).
3
Suppose 4*n + 5*z - 19 = 0, -n + 5*z = -3 + 17. Let q(c) = 2*c**3 - 2*c**2 + c. Calculate q(n).
1
Let x(t) = -7*t**2 + 19*t - 10. Let j(m) = 10*m**2 - 28*m + 15. Let d(p) = -5*j(p) - 7*x(p). Suppose 0 = w + w + 5*z - 20, 0 = -2*z + 4. Determine d(w).
5
Let w(h) be the second derivative of -2*h**2 - h + 0 - 2/3*h**3 - 1/6*h**4 + 1/120*h**6 + 1/20*h**5. Let y(s) be the first derivative of w(s). What is y(-4)?
-4
Let s(a) = -a**2 + 5*a + 5. Let x(t) = -t**3 + 6*t**2 + 4. Let u be x(6). Give s(u).
9
Let h(o) = o**2 - o + 1. Let n be (-16)/(-3) + 18/27. Suppose -4*t = -4*